{"id":2770,"date":"2023-03-02T19:44:56","date_gmt":"2023-03-02T19:44:56","guid":{"rendered":"https:\/\/megustaobregon.com\/?page_id=2770"},"modified":"2023-04-25T04:17:39","modified_gmt":"2023-04-25T04:17:39","slug":"familia","status":"publish","type":"page","link":"https:\/\/megustaobregon.com\/index.php\/familia\/","title":{"rendered":"Familia"},"content":{"rendered":"<p>Las reuniones familiares para los Obregonenses son prioridad para nosostros<\/p><p>El obregonense siempre antepone a su familia y somos personas unidas en lo que a la familia respecta, siempre tratando de ayudarnos y apoyarnos entre nosotros.<\/p><p>Sabemos que la familia es lo mas importante y por eso en Ciudad Obregon te ofrecemos dfierentes actividades muchas actividades para convivir en familia pasar un gran momento y unificar esos lazos.<\/p><h2 class=\"wp-block-heading\">Eco Camp Inn<\/h2><p>Parque ecotur\u00edstico enfocado en brindar un ambiente libre y seguro para todos. Disfruta de nuestras actividades de aventura (rapel, tirolesa, sendero a\u00e9reo, muro de escalada) as\u00ed como de otros atractivos. \u00a1\u00danete a la aventura en un torneo de paintballs!, \u00a1disfruta la naturaleza en un paseo en burro o una carrera en bicicleta!, \u00a1acompa\u00f1a a tu familia relaj\u00e1ndote en nuestras caba\u00f1as u hostales! <\/p><div class=\"wp-block-image\"><figure class=\"alignleft size-full is-resized\"><img fetchpriority=\"high\" decoding=\"async\" src=\"https:\/\/megustaobregon.com\/wp-content\/uploads\/2023\/03\/eco-camp-in.jpg\" alt=\"\" class=\"wp-image-2906\" width=\"325\" height=\"241\" srcset=\"https:\/\/megustaobregon.com\/wp-content\/uploads\/2023\/03\/eco-camp-in.jpg 562w, https:\/\/megustaobregon.com\/wp-content\/uploads\/2023\/03\/eco-camp-in-300x222.jpg 300w\" sizes=\"(max-width: 325px) 100vw, 325px\" \/><figcaption class=\"wp-element-caption\">Entrada Eco Camp Inn<\/figcaption><\/figure><\/div><p>Eco Camp Inn Parque Camping Safari es un excelente destino para acampar, estar en la naturaleza, disfrutar del campo y a eso le a\u00f1ades la diversi\u00f3n de las diferentes actividades que existen en esta maravillosa atraccion es algo inolvidable.<\/p><p><\/p><p><\/p><p><\/p><p><\/p><h2 class=\"wp-block-heading\">Cocorit<\/h2><p>C\u00f3corit&nbsp;es un&nbsp;pueblo&nbsp;mexicano&nbsp;perteneciente al&nbsp;municipio de Cajeme, ubicado en el sur del estado de&nbsp;Sonora, en la zona del&nbsp;Valle del Yaqui. es uno de los ocho pueblos que conforman la comunidad yaqui en Sonora, una localidad de resguarda tradiciones milenarias, historia y una herencia cultural, gastron\u00f3mica y natural que se puede ver en sus calles. Su nombre se deriva de la lengua Yaqui Ko&#8217;okoi, que significa chile, pimiento o picante. <\/p><figure class=\"wp-block-image size-large\"><img decoding=\"async\" width=\"1024\" height=\"512\" src=\"https:\/\/megustaobregon.com\/wp-content\/uploads\/2023\/03\/Proyecto-nuevo-4-1024x512.jpg\" alt=\"\" class=\"wp-image-2928\" srcset=\"https:\/\/megustaobregon.com\/wp-content\/uploads\/2023\/03\/Proyecto-nuevo-4-1024x512.jpg 1024w, https:\/\/megustaobregon.com\/wp-content\/uploads\/2023\/03\/Proyecto-nuevo-4-300x150.jpg 300w, https:\/\/megustaobregon.com\/wp-content\/uploads\/2023\/03\/Proyecto-nuevo-4-768x384.jpg 768w, https:\/\/megustaobregon.com\/wp-content\/uploads\/2023\/03\/Proyecto-nuevo-4-600x300.jpg 600w, https:\/\/megustaobregon.com\/wp-content\/uploads\/2023\/03\/Proyecto-nuevo-4.jpg 1440w\" sizes=\"(max-width: 1024px) 100vw, 1024px\" \/><figcaption class=\"wp-element-caption\">Tour Turistico en Cocorit Pueblo Magico<\/figcaption><\/figure><h2 class=\"wp-block-heading\">Museo Sonora en la revolucion<\/h2><div class=\"wp-block-image\"><figure class=\"alignleft size-full is-resized\"><img decoding=\"async\" src=\"https:\/\/megustaobregon.com\/wp-content\/uploads\/2023\/03\/image-11.png\" alt=\"\" class=\"wp-image-2929\" width=\"292\" height=\"195\" srcset=\"https:\/\/megustaobregon.com\/wp-content\/uploads\/2023\/03\/image-11.png 720w, https:\/\/megustaobregon.com\/wp-content\/uploads\/2023\/03\/image-11-300x200.png 300w, https:\/\/megustaobregon.com\/wp-content\/uploads\/2023\/03\/image-11-600x400.png 600w\" sizes=\"(max-width: 292px) 100vw, 292px\" \/><figcaption class=\"wp-element-caption\">Gu\u00eda en Museo Sonora en la revolucion<\/figcaption><\/figure><\/div><p>El Yaqui Tour sale y termina en el Museo de la Revoluci\u00f3n, entonces no te pierdas visitarlo completito ya que te habla de una \u00e9poca revolucionaria con especial atenci\u00f3n en el estado de Sonora.<\/p><p>Este lugar fue la casa del hijo del Gral. \u00c1lvaro Obreg\u00f3n y aunque ha tenido una remodelaci\u00f3n completa, no puedes dejar de pensar c\u00f3mo vivieron nuestros abuelitos o aquellas personas que les toc\u00f3 conocer esa \u00e9poca. <\/p><p>i tienes suerte un gu\u00eda personificado de general ser\u00e1 quien te lleve por cada rinc\u00f3n del museo, te explicar\u00e1 a detalle sus salas l\u00fadicas en donde a trav\u00e9s de la tecnolog\u00eda viajar\u00e1s en el tiempo.<\/p><p>Por si fuera poco, sabr\u00e1s m\u00e1s del ecosistema y geograf\u00eda sonorense y tambi\u00e9n de las etnias de los Yaquis y los Mayos quienes tienen un apartado muy especial en este museo.<\/p><p>Por supuesto, ver\u00e1s desde el cl\u00e1sico fon\u00f3grafo (a\u00fan en funcionamiento), l\u00e1mparas, relojes, radios, tel\u00e9grafos, mobiliario y hasta vestimenta la cual podr\u00e1s utilizar para que con tus amigos hagan algunas fotos divertidas.<\/p><h2 class=\"wp-block-heading\">Catedral del sagrado coraz\u00f3n<\/h2><p>Su techo cuenta con un prisma truncado en donde se levanta una enorme cruz que se divisa desde cualquier parte de la ciudad.<\/p><p>A pesar de que es una obra de los a\u00f1os setenta, nos recuerda que las grandes ciudades merecen grandes construcciones como esta. Se ubica junto a la plaza principal. <\/p><figure class=\"wp-block-image size-full\"><img loading=\"lazy\" decoding=\"async\" width=\"720\" height=\"479\" src=\"https:\/\/megustaobregon.com\/wp-content\/uploads\/2023\/03\/image-12.png\" alt=\"\" class=\"wp-image-2930\" srcset=\"https:\/\/megustaobregon.com\/wp-content\/uploads\/2023\/03\/image-12.png 720w, https:\/\/megustaobregon.com\/wp-content\/uploads\/2023\/03\/image-12-300x200.png 300w, https:\/\/megustaobregon.com\/wp-content\/uploads\/2023\/03\/image-12-600x399.png 600w\" sizes=\"(max-width: 720px) 100vw, 720px\" \/><figcaption class=\"wp-element-caption\">Catedral sagrado coraz\u00f3n en Ciudad Obreg\u00f3n, Sonora<\/figcaption><\/figure><h2 class=\"wp-block-heading\">Bolerama<\/h2><p>En&nbsp;Bolerama&nbsp;te divertir\u00e1s a lo grande gracias a que tenemos el lugar ideal para tus&nbsp;fiestas, juntadas, posadas, reuniones&nbsp;o cualquier otro evento que quieras festejar como&nbsp;bautizos, fiestas infantiles y cumplea\u00f1os.<\/p><figure class=\"wp-block-image size-full\"><img loading=\"lazy\" decoding=\"async\" width=\"700\" height=\"525\" src=\"https:\/\/megustaobregon.com\/wp-content\/uploads\/2023\/03\/image-13.png\" alt=\"\" class=\"wp-image-2931\" srcset=\"https:\/\/megustaobregon.com\/wp-content\/uploads\/2023\/03\/image-13.png 700w, https:\/\/megustaobregon.com\/wp-content\/uploads\/2023\/03\/image-13-300x225.png 300w, https:\/\/megustaobregon.com\/wp-content\/uploads\/2023\/03\/image-13-600x450.png 600w\" sizes=\"(max-width: 700px) 100vw, 700px\" \/><figcaption class=\"wp-element-caption\">Pistas en Bolerama Ciudad Obregon<\/figcaption><\/figure><p>En&nbsp;Bolerama&nbsp;te divertir\u00e1s a lo grande gracias a que tenemos el lugar ideal para tus&nbsp;fiestas, juntadas, posadas, reuniones&nbsp;o cualquier otro evento que quieras festejar como&nbsp;bautizos, fiestas infantiles y cumplea\u00f1os.<\/p>","protected":false},"excerpt":{"rendered":"<p>Las reuniones familiares para los Obregonenses son prioridad para nosostros El obregonense siempre antepone a su familia y somos personas unidas en lo que a la familia respecta, siempre tratando de ayudarnos y apoyarnos entre nosotros. Sabemos que la familia es lo mas importante y por eso en Ciudad Obregon te ofrecemos dfierentes actividades muchas actividades para convivir en familia pasar un gran momento y unificar esos lazos. Eco Camp Inn Parque ecotur\u00edstico enfocado en brindar un ambiente libre y seguro para todos. Disfruta de nuestras actividades de aventura (rapel, tirolesa, sendero a\u00e9reo, muro de escalada) as\u00ed como de otros atractivos. \u00a1\u00danete a la aventura en un torneo de paintballs!, \u00a1disfruta la naturaleza en un paseo en burro o una carrera en bicicleta!, \u00a1acompa\u00f1a a tu familia relaj\u00e1ndote en nuestras caba\u00f1as u hostales! Eco Camp Inn Parque Camping Safari es un excelente destino para acampar, estar en la naturaleza, disfrutar del campo y a eso le a\u00f1ades la diversi\u00f3n de las diferentes actividades que existen en esta maravillosa atraccion es algo inolvidable. Cocorit C\u00f3corit&nbsp;es un&nbsp;pueblo&nbsp;mexicano&nbsp;perteneciente al&nbsp;municipio de Cajeme, ubicado en el sur del estado de&nbsp;Sonora, en la zona del&nbsp;Valle del Yaqui. es uno de los ocho pueblos que conforman la comunidad yaqui en Sonora, una localidad de resguarda tradiciones milenarias, historia y una herencia cultural, gastron\u00f3mica y natural que se puede ver en sus calles. Su nombre se deriva de la lengua Yaqui Ko&#8217;okoi, que significa chile, pimiento o picante. Museo Sonora en la revolucion El Yaqui Tour sale y termina en el Museo de la Revoluci\u00f3n, entonces no te pierdas visitarlo completito ya que te habla de una \u00e9poca revolucionaria con especial atenci\u00f3n en el estado de Sonora. Este lugar fue la casa del hijo del Gral. \u00c1lvaro Obreg\u00f3n y aunque ha tenido una remodelaci\u00f3n completa, no puedes dejar de pensar c\u00f3mo vivieron nuestros abuelitos o aquellas personas que les toc\u00f3 conocer esa \u00e9poca. i tienes suerte un gu\u00eda personificado de general ser\u00e1 quien te lleve por cada rinc\u00f3n del museo, te explicar\u00e1 a detalle sus salas l\u00fadicas en donde a trav\u00e9s de la tecnolog\u00eda viajar\u00e1s en el tiempo. Por si fuera poco, sabr\u00e1s m\u00e1s del ecosistema y geograf\u00eda sonorense y tambi\u00e9n de las etnias de los Yaquis y los Mayos quienes tienen un apartado muy especial en este museo. Por supuesto, ver\u00e1s desde el cl\u00e1sico fon\u00f3grafo (a\u00fan en funcionamiento), l\u00e1mparas, relojes, radios, tel\u00e9grafos, mobiliario y hasta vestimenta la cual podr\u00e1s utilizar para que con tus amigos hagan algunas fotos divertidas. Catedral del sagrado coraz\u00f3n Su techo cuenta con un prisma truncado en donde se levanta una enorme cruz que se divisa desde cualquier parte de la ciudad. A pesar de que es una obra de los a\u00f1os setenta, nos recuerda que las grandes ciudades merecen grandes construcciones como esta. Se ubica junto a la plaza principal. Bolerama En&nbsp;Bolerama&nbsp;te divertir\u00e1s a lo grande gracias a que tenemos el lugar ideal para tus&nbsp;fiestas, juntadas, posadas, reuniones&nbsp;o cualquier otro evento que quieras festejar como&nbsp;bautizos, fiestas infantiles y cumplea\u00f1os. En&nbsp;Bolerama&nbsp;te divertir\u00e1s a lo grande gracias a que tenemos el lugar ideal para tus&nbsp;fiestas, juntadas, posadas, reuniones&nbsp;o cualquier otro evento que quieras festejar como&nbsp;bautizos, fiestas infantiles y cumplea\u00f1os.<\/p>\n","protected":false},"author":2,"featured_media":2771,"parent":0,"menu_order":0,"comment_status":"closed","ping_status":"closed","template":"","meta":{"footnotes":""},"class_list":["post-2770","page","type-page","status-publish","has-post-thumbnail","hentry"],"_links":{"self":[{"href":"https:\/\/megustaobregon.com\/index.php\/wp-json\/wp\/v2\/pages\/2770","targetHints":{"allow":["GET"]}}],"collection":[{"href":"https:\/\/megustaobregon.com\/index.php\/wp-json\/wp\/v2\/pages"}],"about":[{"href":"https:\/\/megustaobregon.com\/index.php\/wp-json\/wp\/v2\/types\/page"}],"author":[{"embeddable":true,"href":"https:\/\/megustaobregon.com\/index.php\/wp-json\/wp\/v2\/users\/2"}],"replies":[{"embeddable":true,"href":"https:\/\/megustaobregon.com\/index.php\/wp-json\/wp\/v2\/comments?post=2770"}],"version-history":[{"count":7,"href":"https:\/\/megustaobregon.com\/index.php\/wp-json\/wp\/v2\/pages\/2770\/revisions"}],"predecessor-version":[{"id":2973,"href":"https:\/\/megustaobregon.com\/index.php\/wp-json\/wp\/v2\/pages\/2770\/revisions\/2973"}],"wp:featuredmedia":[{"embeddable":true,"href":"https:\/\/megustaobregon.com\/index.php\/wp-json\/wp\/v2\/media\/2771"}],"wp:attachment":[{"href":"https:\/\/megustaobregon.com\/index.php\/wp-json\/wp\/v2\/media?parent=2770"}],"curies":[{"name":"wp","href":"https:\/\/api.w.org\/{rel}","templated":true}]}}