{"id":2803,"date":"2023-03-03T19:28:49","date_gmt":"2023-03-03T19:28:49","guid":{"rendered":"https:\/\/megustaobregon.com\/?page_id=2803"},"modified":"2023-03-13T01:22:59","modified_gmt":"2023-03-13T01:22:59","slug":"museo-de-la-revolucion","status":"publish","type":"page","link":"https:\/\/megustaobregon.com\/index.php\/museo-de-la-revolucion\/","title":{"rendered":"Museo de la revoluci\u00f3n"},"content":{"rendered":"<p>El Yaqui Tour sale y termina en el Museo de la Revoluci\u00f3n, entonces no te pierdas visitarlo completito ya que te habla de una \u00e9poca revolucionaria con especial atenci\u00f3n en el estado de Sonora.<\/p><p>Este lugar fue la casa del hijo del Gral. \u00c1lvaro Obreg\u00f3n y aunque ha tenido una remodelaci\u00f3n completa, no puedes dejar de pensar c\u00f3mo vivieron nuestros abuelitos o aquellas personas que les toc\u00f3 conocer esa \u00e9poca.<\/p><figure class=\"wp-block-image size-full\"><img fetchpriority=\"high\" decoding=\"async\" width=\"720\" height=\"480\" src=\"https:\/\/megustaobregon.com\/wp-content\/uploads\/2023\/03\/image-17.png\" alt=\"\" class=\"wp-image-2955\" srcset=\"https:\/\/megustaobregon.com\/wp-content\/uploads\/2023\/03\/image-17.png 720w, https:\/\/megustaobregon.com\/wp-content\/uploads\/2023\/03\/image-17-300x200.png 300w, https:\/\/megustaobregon.com\/wp-content\/uploads\/2023\/03\/image-17-600x400.png 600w\" sizes=\"(max-width: 720px) 100vw, 720px\" \/><\/figure><p>Si tienes suerte un gu\u00eda personificado de general ser\u00e1 quien te lleve por cada rinc\u00f3n del museo, te explicar\u00e1 a detalle sus salas l\u00fadicas en donde a trav\u00e9s de la tecnolog\u00eda viajar\u00e1s en el tiempo.<\/p><p>Por si fuera poco, sabr\u00e1s m\u00e1s del ecosistema y geograf\u00eda sonorense y tambi\u00e9n de las etnias de los Yaquis y los Mayos quienes tienen un apartado muy especial en este museo.<\/p><figure class=\"wp-block-image size-full\"><img decoding=\"async\" width=\"720\" height=\"480\" src=\"https:\/\/megustaobregon.com\/wp-content\/uploads\/2023\/03\/image-18.png\" alt=\"\" class=\"wp-image-2956\" srcset=\"https:\/\/megustaobregon.com\/wp-content\/uploads\/2023\/03\/image-18.png 720w, https:\/\/megustaobregon.com\/wp-content\/uploads\/2023\/03\/image-18-300x200.png 300w, https:\/\/megustaobregon.com\/wp-content\/uploads\/2023\/03\/image-18-600x400.png 600w\" sizes=\"(max-width: 720px) 100vw, 720px\" \/><\/figure><p>Por supuesto, ver\u00e1s desde el cl\u00e1sico fon\u00f3grafo (a\u00fan en funcionamiento), l\u00e1mparas, relojes, radios, tel\u00e9grafos, mobiliario y hasta vestimenta la cual podr\u00e1s utilizar para que con tus amigos hagan algunas fotos divertidas.<\/p><figure class=\"wp-block-image size-full\"><img decoding=\"async\" width=\"720\" height=\"480\" src=\"https:\/\/megustaobregon.com\/wp-content\/uploads\/2023\/03\/image-19.png\" alt=\"\" class=\"wp-image-2958\" srcset=\"https:\/\/megustaobregon.com\/wp-content\/uploads\/2023\/03\/image-19.png 720w, https:\/\/megustaobregon.com\/wp-content\/uploads\/2023\/03\/image-19-300x200.png 300w, https:\/\/megustaobregon.com\/wp-content\/uploads\/2023\/03\/image-19-600x400.png 600w\" sizes=\"(max-width: 720px) 100vw, 720px\" \/><\/figure><p>Como todos sabemos, las injusticias en la industria minera fueron una de las razones para el levantamiento de armas en&nbsp;<a href=\"http:\/\/www.musor.gob.mx\/\" target=\"_blank\" rel=\"noreferrer noopener\">la Revoluci\u00f3n<\/a>; por lo tanto, en este espacio ver\u00e1s linternas, palas, dinamita y otras herramientas de esta industria.<\/p><figure class=\"wp-block-image size-full\"><img loading=\"lazy\" decoding=\"async\" width=\"720\" height=\"480\" src=\"https:\/\/megustaobregon.com\/wp-content\/uploads\/2023\/03\/image-20.png\" alt=\"\" class=\"wp-image-2959\" srcset=\"https:\/\/megustaobregon.com\/wp-content\/uploads\/2023\/03\/image-20.png 720w, https:\/\/megustaobregon.com\/wp-content\/uploads\/2023\/03\/image-20-300x200.png 300w, https:\/\/megustaobregon.com\/wp-content\/uploads\/2023\/03\/image-20-600x400.png 600w\" sizes=\"(max-width: 720px) 100vw, 720px\" \/><\/figure><p>Pero eso no es todo, al ser la casa del hijo del caudillo numerosos objetos de la familia se encuentran en sus habitaciones.<\/p><figure class=\"wp-block-image size-full\"><img loading=\"lazy\" decoding=\"async\" width=\"720\" height=\"480\" src=\"https:\/\/megustaobregon.com\/wp-content\/uploads\/2023\/03\/image-21.png\" alt=\"\" class=\"wp-image-2960\" srcset=\"https:\/\/megustaobregon.com\/wp-content\/uploads\/2023\/03\/image-21.png 720w, https:\/\/megustaobregon.com\/wp-content\/uploads\/2023\/03\/image-21-300x200.png 300w, https:\/\/megustaobregon.com\/wp-content\/uploads\/2023\/03\/image-21-600x400.png 600w\" sizes=\"(max-width: 720px) 100vw, 720px\" \/><\/figure><p>Como todo un general, no puede faltar todos los objetos de la milicia en donde se incluyen uniformes, armas, mapas, banderas y un sinf\u00edn de accesorios que se utilizaban en la causa.<\/p><figure class=\"wp-block-image size-full\"><img loading=\"lazy\" decoding=\"async\" width=\"720\" height=\"480\" src=\"https:\/\/megustaobregon.com\/wp-content\/uploads\/2023\/03\/image-22.png\" alt=\"\" class=\"wp-image-2961\" srcset=\"https:\/\/megustaobregon.com\/wp-content\/uploads\/2023\/03\/image-22.png 720w, https:\/\/megustaobregon.com\/wp-content\/uploads\/2023\/03\/image-22-300x200.png 300w, https:\/\/megustaobregon.com\/wp-content\/uploads\/2023\/03\/image-22-600x400.png 600w\" sizes=\"(max-width: 720px) 100vw, 720px\" \/><\/figure><p>Tambi\u00e9n sabr\u00e1s que despu\u00e9s de haber sido presidente se convirti\u00f3 en un empresario y agricultor, sus negocios ser\u00e1n parte de este recorrido, la historia cuando pierde el brazo y finalmente su muerte.<\/p><p><\/p>","protected":false},"excerpt":{"rendered":"<p>El Yaqui Tour sale y termina en el Museo de la Revoluci\u00f3n, entonces no te pierdas visitarlo completito ya que te habla de una \u00e9poca revolucionaria con especial atenci\u00f3n en el estado de Sonora. Este lugar fue la casa del hijo del Gral. \u00c1lvaro Obreg\u00f3n y aunque ha tenido una remodelaci\u00f3n completa, no puedes dejar de pensar c\u00f3mo vivieron nuestros abuelitos o aquellas personas que les toc\u00f3 conocer esa \u00e9poca. Si tienes suerte un gu\u00eda personificado de general ser\u00e1 quien te lleve por cada rinc\u00f3n del museo, te explicar\u00e1 a detalle sus salas l\u00fadicas en donde a trav\u00e9s de la tecnolog\u00eda viajar\u00e1s en el tiempo. Por si fuera poco, sabr\u00e1s m\u00e1s del ecosistema y geograf\u00eda sonorense y tambi\u00e9n de las etnias de los Yaquis y los Mayos quienes tienen un apartado muy especial en este museo. Por supuesto, ver\u00e1s desde el cl\u00e1sico fon\u00f3grafo (a\u00fan en funcionamiento), l\u00e1mparas, relojes, radios, tel\u00e9grafos, mobiliario y hasta vestimenta la cual podr\u00e1s utilizar para que con tus amigos hagan algunas fotos divertidas. Como todos sabemos, las injusticias en la industria minera fueron una de las razones para el levantamiento de armas en&nbsp;la Revoluci\u00f3n; por lo tanto, en este espacio ver\u00e1s linternas, palas, dinamita y otras herramientas de esta industria. Pero eso no es todo, al ser la casa del hijo del caudillo numerosos objetos de la familia se encuentran en sus habitaciones. Como todo un general, no puede faltar todos los objetos de la milicia en donde se incluyen uniformes, armas, mapas, banderas y un sinf\u00edn de accesorios que se utilizaban en la causa. Tambi\u00e9n sabr\u00e1s que despu\u00e9s de haber sido presidente se convirti\u00f3 en un empresario y agricultor, sus negocios ser\u00e1n parte de este recorrido, la historia cuando pierde el brazo y finalmente su muerte.<\/p>\n","protected":false},"author":2,"featured_media":2804,"parent":0,"menu_order":0,"comment_status":"closed","ping_status":"closed","template":"","meta":{"footnotes":""},"class_list":["post-2803","page","type-page","status-publish","has-post-thumbnail","hentry"],"_links":{"self":[{"href":"https:\/\/megustaobregon.com\/index.php\/wp-json\/wp\/v2\/pages\/2803","targetHints":{"allow":["GET"]}}],"collection":[{"href":"https:\/\/megustaobregon.com\/index.php\/wp-json\/wp\/v2\/pages"}],"about":[{"href":"https:\/\/megustaobregon.com\/index.php\/wp-json\/wp\/v2\/types\/page"}],"author":[{"embeddable":true,"href":"https:\/\/megustaobregon.com\/index.php\/wp-json\/wp\/v2\/users\/2"}],"replies":[{"embeddable":true,"href":"https:\/\/megustaobregon.com\/index.php\/wp-json\/wp\/v2\/comments?post=2803"}],"version-history":[{"count":3,"href":"https:\/\/megustaobregon.com\/index.php\/wp-json\/wp\/v2\/pages\/2803\/revisions"}],"predecessor-version":[{"id":2962,"href":"https:\/\/megustaobregon.com\/index.php\/wp-json\/wp\/v2\/pages\/2803\/revisions\/2962"}],"wp:featuredmedia":[{"embeddable":true,"href":"https:\/\/megustaobregon.com\/index.php\/wp-json\/wp\/v2\/media\/2804"}],"wp:attachment":[{"href":"https:\/\/megustaobregon.com\/index.php\/wp-json\/wp\/v2\/media?parent=2803"}],"curies":[{"name":"wp","href":"https:\/\/api.w.org\/{rel}","templated":true}]}}