{"id":2834,"date":"2023-03-08T06:54:48","date_gmt":"2023-03-08T06:54:48","guid":{"rendered":"https:\/\/megustaobregon.com\/?page_id=2834"},"modified":"2023-03-13T00:47:47","modified_gmt":"2023-03-13T00:47:47","slug":"presa-oviachic","status":"publish","type":"page","link":"https:\/\/megustaobregon.com\/index.php\/presa-oviachic\/","title":{"rendered":"Presa Ovi\u00e1chic"},"content":{"rendered":"<p>Cercana a la ciudad por una carretera a la salida norte se llega a la&nbsp;Presa \u00c1lvaro Obreg\u00f3n&nbsp;(Ovi\u00e1chic) que est\u00e1 a 24 kil\u00f3metros de la ciudad, en este lugar se suele practicar la pesca y tiene un mirador con una vista amplia del vaso de la presa y el valle del&nbsp;R\u00edo Yaqui; en el camino a la misma hay lugares de esparcimiento familiar como parques acu\u00e1ticos, balnearios y arroyos. Tambi\u00e9n cerca de la presa, est\u00e1 el&nbsp;Dique 10, una represa en donde se pueden disfrutar de deportes acu\u00e1ticos, ciclismo de monta\u00f1a y deportes extremos.<\/p><p><strong><em>Paseos y arroyos<\/em><\/strong><\/p><p>A pocos kil\u00f3metros de la Ciudad con Rumbo a la Presa del Oviachic \u00abAlvaro Obreg\u00f3n\u00bb, tanto en sus inmendaciones como en sus extenciones en el dique 10, arroyos y rios&nbsp; podemos disfrutan de un sinnumero de lugares de esparcimiento: <\/p><figure class=\"wp-block-image size-full\"><img fetchpriority=\"high\" decoding=\"async\" width=\"540\" height=\"633\" src=\"https:\/\/megustaobregon.com\/wp-content\/uploads\/2023\/03\/image-10.png\" alt=\"\" class=\"wp-image-2908\" srcset=\"https:\/\/megustaobregon.com\/wp-content\/uploads\/2023\/03\/image-10.png 540w, https:\/\/megustaobregon.com\/wp-content\/uploads\/2023\/03\/image-10-256x300.png 256w\" sizes=\"(max-width: 540px) 100vw, 540px\" \/><\/figure><div class=\"wp-block-image\"><figure class=\"alignleft is-resized\"><a href=\"https:\/\/obson.files.wordpress.com\/2009\/02\/oviachic.jpg\"><img decoding=\"async\" src=\"https:\/\/obson.files.wordpress.com\/2009\/02\/oviachic.jpg?w=474\" alt=\"mapa_oviachic_dique_10_obregon_Mexico_presa\" class=\"wp-image-1213\" width=\"164\" height=\"123\" title=\"mapa_oviachic_dique_10_obregon_Mexico_presa\"\/><\/a><\/figure><\/div><p>PARQUE P\u00daBLICO OVIACHIC<br>Horarios: 9:00 a.m. a 6:00 p.m.<br>Descripci\u00f3n del lugar: Ambiente completamente familiar donde podr\u00e1 pasar un d\u00eda agradable, entre los servicios que ofrece el parque destacan: Asaderos, juegos infantiles, sanitarios, bancas, vigilancia.<\/p><div class=\"wp-block-image\"><figure class=\"alignleft\"><a href=\"https:\/\/obson.files.wordpress.com\/2009\/02\/sahuaroo_actividades_clip_image002.jpg\"><img decoding=\"async\" src=\"https:\/\/obson.files.wordpress.com\/2009\/02\/sahuaroo_actividades_clip_image002.jpg?w=474\" alt=\"mapa_oviachic_dique_10_obregon_Mexico_presa\" class=\"wp-image-1214\" title=\"mapa_oviachic_dique_10_obregon_Mexico_presa\"\/><\/a><\/figure><\/div><p>PASEO EL SAHUARO<br>Horarios: 7:00 a.m. a 6:00 p.m.<br>Descripci\u00f3n del lugar: Paseo natural que cuenta con un r\u00edo que desciende desde la presa Oviachic, haciendo de \u00e9ste un lugar id\u00f3neo para la convivencia familiar, rodeado de inmensos \u00e1rboles y vegetaci\u00f3n silvestre. Entre los servicios que se brindan destacan: Asaderos listos para preparar una sabrosa carne asada, venta de carb\u00f3n y palapas.<\/p><div class=\"wp-block-image\"><figure class=\"alignleft\"><a href=\"https:\/\/obson.files.wordpress.com\/2009\/02\/rioo_actividades_clip_image003.jpg\"><img decoding=\"async\" src=\"https:\/\/obson.files.wordpress.com\/2009\/02\/rioo_actividades_clip_image003.jpg?w=474\" alt=\"mapa_oviachic_dique_10_obregon_Mexico_presa\" class=\"wp-image-1215\" title=\"mapa_oviachic_dique_10_obregon_Mexico_presa\"\/><\/a><\/figure><\/div><p>R\u00cdO PIEDRA PARQUE DIVERTIDO<br>Horarios: (Parque) 8:00 a.m. a 6:00 p.m.<br>(Albercas) 11:00 a.m. a 6:00 p.m. Lunes d\u00eda no laborable<br>Descripci\u00f3n del lugar: uno de los parques acu\u00e1ticos de reciente apertura en la regi\u00f3n que cuenta con una tem\u00e1tica de campo, brindando servicios caracter\u00edsticos como la renta de caballos y de motocicletas . En R\u00edo Piedra podr\u00e1 pasar un rato agradable en compa\u00f1\u00eda de su familia y amigos siempre con la seguridad que usted merece.<\/p><div class=\"wp-block-image\"><figure class=\"alignleft\"><a href=\"https:\/\/obson.files.wordpress.com\/2009\/02\/balneo_actividades_clip_image004.jpg\"><img decoding=\"async\" src=\"https:\/\/obson.files.wordpress.com\/2009\/02\/balneo_actividades_clip_image004.jpg?w=474\" alt=\"mapa_oviachic_dique_10_obregon_Mexico_presa\" class=\"wp-image-1216\" title=\"mapa_oviachic_dique_10_obregon_Mexico_presa\"\/><\/a><\/figure><\/div><p>BALNEARIO EL COYOTE<br>Horarios: Lunes a Domingo: 9:00 a.m. a 6:30 p.m.<br>Descripci\u00f3n del lugar: Balneario el Coyote, pionero en la regi\u00f3n en contar con la combinaci\u00f3n de albercas y un r\u00edo natural haci\u00e9ndolo un lugar apto para la convivencia sana.<br>Balneario el Coyote cuenta con 2 albercas y resbaladeros acu\u00e1ticos, cafeter\u00eda, amplios sanitarios, palapas y renta de c\u00e1mara de aire.<br>El \u00e1rea de r\u00edo es ideal para d\u00edas de campo, asaderos que est\u00e1n a su disposici\u00f3n, cuenta con cafeter\u00eda, sanitarios, juegos infantiles, todo lo anterior en contacto directo con la naturaleza, que solo el sur de Sonora puede brindar.<\/p><div class=\"wp-block-image\"><figure class=\"alignleft\"><a href=\"https:\/\/obson.files.wordpress.com\/2009\/02\/albo_actividades_clip_image005.jpg\"><img decoding=\"async\" src=\"https:\/\/obson.files.wordpress.com\/2009\/02\/albo_actividades_clip_image005.jpg?w=474\" alt=\"mapa_oviachic_dique_10_obregon_Mexico_presa\" class=\"wp-image-1217\" title=\"mapa_oviachic_dique_10_obregon_Mexico_presa\"\/><\/a><\/figure><\/div><p>ALBERCAS EL PUEBLITO<br>Horarios: Lunes a Domingo: 10:00 a.m. a 7:00 p.m.<br>Descripci\u00f3n del lugar: lugar de reciente creaci\u00f3n, acondicionado con 2 albercas y un tobog\u00e1n que le har\u00e1n pasar un d\u00eda lleno de diversi\u00f3n. Adem\u00e1s cuenta con servicios de cafeter\u00eda puestos a su disposici\u00f3n, sanitarios y zona de descanso que incluye sillas, mesas y sombra.<\/p><p>MARISCOS SIERRA VISTA<br>Horarios: Todos los d\u00edas: 12:30 a.m. a 7:30 p.m.<br>D\u00eda de descanso: martes<br>Descripci\u00f3n del lugar: ubicado a 2 km antes de llegar a la presa Oviachic. Apto para compartir momentos familiares acompa\u00f1ado de deliciosos platillos elaborados con el \u00fanico saz\u00f3n de su gente.<\/p><p>RESTAURANT LOS ENCANTADOS<br>Horarios: Viernes, s\u00e1bado y Domingo: 10:00 a.m. a 6:00 p.m.<br>Descripci\u00f3n del lugar: ubicado en el interior del Dique 10, donde podr\u00e1 encontrar una gran variedad de mariscos y pescados frescos. Con una vista panor\u00e1mica al tiempo que degusta su platillo.<\/p>","protected":false},"excerpt":{"rendered":"<p>Cercana a la ciudad por una carretera a la salida norte se llega a la&nbsp;Presa \u00c1lvaro Obreg\u00f3n&nbsp;(Ovi\u00e1chic) que est\u00e1 a 24 kil\u00f3metros de la ciudad, en este lugar se suele practicar la pesca y tiene un mirador con una vista amplia del vaso de la presa y el valle del&nbsp;R\u00edo Yaqui; en el camino a la misma hay lugares de esparcimiento familiar como parques acu\u00e1ticos, balnearios y arroyos. Tambi\u00e9n cerca de la presa, est\u00e1 el&nbsp;Dique 10, una represa en donde se pueden disfrutar de deportes acu\u00e1ticos, ciclismo de monta\u00f1a y deportes extremos. Paseos y arroyos A pocos kil\u00f3metros de la Ciudad con Rumbo a la Presa del Oviachic \u00abAlvaro Obreg\u00f3n\u00bb, tanto en sus inmendaciones como en sus extenciones en el dique 10, arroyos y rios&nbsp; podemos disfrutan de un sinnumero de lugares de esparcimiento: PARQUE P\u00daBLICO OVIACHICHorarios: 9:00 a.m. a 6:00 p.m.Descripci\u00f3n del lugar: Ambiente completamente familiar donde podr\u00e1 pasar un d\u00eda agradable, entre los servicios que ofrece el parque destacan: Asaderos, juegos infantiles, sanitarios, bancas, vigilancia. PASEO EL SAHUAROHorarios: 7:00 a.m. a 6:00 p.m.Descripci\u00f3n del lugar: Paseo natural que cuenta con un r\u00edo que desciende desde la presa Oviachic, haciendo de \u00e9ste un lugar id\u00f3neo para la convivencia familiar, rodeado de inmensos \u00e1rboles y vegetaci\u00f3n silvestre. Entre los servicios que se brindan destacan: Asaderos listos para preparar una sabrosa carne asada, venta de carb\u00f3n y palapas. R\u00cdO PIEDRA PARQUE DIVERTIDOHorarios: (Parque) 8:00 a.m. a 6:00 p.m.(Albercas) 11:00 a.m. a 6:00 p.m. Lunes d\u00eda no laborableDescripci\u00f3n del lugar: uno de los parques acu\u00e1ticos de reciente apertura en la regi\u00f3n que cuenta con una tem\u00e1tica de campo, brindando servicios caracter\u00edsticos como la renta de caballos y de motocicletas . En R\u00edo Piedra podr\u00e1 pasar un rato agradable en compa\u00f1\u00eda de su familia y amigos siempre con la seguridad que usted merece. BALNEARIO EL COYOTEHorarios: Lunes a Domingo: 9:00 a.m. a 6:30 p.m.Descripci\u00f3n del lugar: Balneario el Coyote, pionero en la regi\u00f3n en contar con la combinaci\u00f3n de albercas y un r\u00edo natural haci\u00e9ndolo un lugar apto para la convivencia sana.Balneario el Coyote cuenta con 2 albercas y resbaladeros acu\u00e1ticos, cafeter\u00eda, amplios sanitarios, palapas y renta de c\u00e1mara de aire.El \u00e1rea de r\u00edo es ideal para d\u00edas de campo, asaderos que est\u00e1n a su disposici\u00f3n, cuenta con cafeter\u00eda, sanitarios, juegos infantiles, todo lo anterior en contacto directo con la naturaleza, que solo el sur de Sonora puede brindar. ALBERCAS EL PUEBLITOHorarios: Lunes a Domingo: 10:00 a.m. a 7:00 p.m.Descripci\u00f3n del lugar: lugar de reciente creaci\u00f3n, acondicionado con 2 albercas y un tobog\u00e1n que le har\u00e1n pasar un d\u00eda lleno de diversi\u00f3n. Adem\u00e1s cuenta con servicios de cafeter\u00eda puestos a su disposici\u00f3n, sanitarios y zona de descanso que incluye sillas, mesas y sombra. MARISCOS SIERRA VISTAHorarios: Todos los d\u00edas: 12:30 a.m. a 7:30 p.m.D\u00eda de descanso: martesDescripci\u00f3n del lugar: ubicado a 2 km antes de llegar a la presa Oviachic. Apto para compartir momentos familiares acompa\u00f1ado de deliciosos platillos elaborados con el \u00fanico saz\u00f3n de su gente. RESTAURANT LOS ENCANTADOSHorarios: Viernes, s\u00e1bado y Domingo: 10:00 a.m. a 6:00 p.m.Descripci\u00f3n del lugar: ubicado en el interior del Dique 10, donde podr\u00e1 encontrar una gran variedad de mariscos y pescados frescos. Con una vista panor\u00e1mica al tiempo que degusta su platillo.<\/p>\n","protected":false},"author":2,"featured_media":2874,"parent":0,"menu_order":0,"comment_status":"closed","ping_status":"closed","template":"","meta":{"footnotes":""},"class_list":["post-2834","page","type-page","status-publish","has-post-thumbnail","hentry"],"_links":{"self":[{"href":"https:\/\/megustaobregon.com\/index.php\/wp-json\/wp\/v2\/pages\/2834","targetHints":{"allow":["GET"]}}],"collection":[{"href":"https:\/\/megustaobregon.com\/index.php\/wp-json\/wp\/v2\/pages"}],"about":[{"href":"https:\/\/megustaobregon.com\/index.php\/wp-json\/wp\/v2\/types\/page"}],"author":[{"embeddable":true,"href":"https:\/\/megustaobregon.com\/index.php\/wp-json\/wp\/v2\/users\/2"}],"replies":[{"embeddable":true,"href":"https:\/\/megustaobregon.com\/index.php\/wp-json\/wp\/v2\/comments?post=2834"}],"version-history":[{"count":5,"href":"https:\/\/megustaobregon.com\/index.php\/wp-json\/wp\/v2\/pages\/2834\/revisions"}],"predecessor-version":[{"id":2926,"href":"https:\/\/megustaobregon.com\/index.php\/wp-json\/wp\/v2\/pages\/2834\/revisions\/2926"}],"wp:featuredmedia":[{"embeddable":true,"href":"https:\/\/megustaobregon.com\/index.php\/wp-json\/wp\/v2\/media\/2874"}],"wp:attachment":[{"href":"https:\/\/megustaobregon.com\/index.php\/wp-json\/wp\/v2\/media?parent=2834"}],"curies":[{"name":"wp","href":"https:\/\/api.w.org\/{rel}","templated":true}]}}